 14055?
3, 5, 937
What are the prime factors of 4109?
7, 587
What are the prime factors of 2496?
2, 3, 13
What are the prime factors of 1413?
3, 157
List the prime factors of 227.
227
List the prime factors of 3381.
3, 7, 23
What are the prime factors of 1157?
13, 89
What are the prime factors of 1795?
5, 359
What are the prime factors of 1119?
3, 373
List the prime factors of 61809.
3, 11, 1873
List the prime factors of 15629.
15629
List the prime factors of 93.
3, 31
List the prime factors of 2506.
2, 7, 179
What are the prime factors of 5558?
2, 7, 397
List the prime factors of 202.
2, 101
What are the prime factors of 1569?
3, 523
What are the prime factors of 3362?
2, 41
What are the prime factors of 2847?
3, 13, 73
What are the prime factors of 52430?
2, 5, 7, 107
List the prime factors of 54571.
11, 41
List the prime factors of 1622.
2, 811
List the prime factors of 3865.
5, 773
What are the prime factors of 155826?
2, 3, 11, 787
List the prime factors of 1612.
2, 13, 31
List the prime factors of 144233.
23, 6271
What are the prime factors of 7784?
2, 7, 139
What are the prime factors of 68541?
3, 11, 31, 67
What are the prime factors of 5855?
5, 1171
What are the prime factors of 178?
2, 89
What are the prime factors of 20699?
7, 2957
List the prime factors of 1061.
1061
What are the prime factors of 225?
3, 5
List the prime factors of 464.
2, 29
List the prime factors of 18600.
2, 3, 5, 31
What are the prime factors of 302?
2, 151
List the prime factors of 6429.
3, 2143
List the prime factors of 5072.
2, 317
List the prime factors of 454.
2, 227
List the prime factors of 80780.
2, 5, 7, 577
What are the prime factors of 23757?
3, 7919
What are the prime factors of 20533?
20533
What are the prime factors of 3259?
3259
What are the prime factors of 178?
2, 89
List the prime factors of 13988.
2, 13, 269
List the prime factors of 3783.
3, 13, 97
What are the prime factors of 2899?
13, 223
What are the prime factors of 5577?
3, 11, 13
What are the prime factors of 35551?
73, 487
List the prime factors of 4560.
2, 3, 5, 19
What are the prime factors of 607?
607
What are the prime factors of 2046?
2, 3, 11, 31
List the prime factors of 70475.
5, 2819
What are the prime factors of 373?
373
What are the prime factors of 2944?
2, 23
What are the prime factors of 33173?
7, 677
List the prime factors of 4230.
2, 3, 5, 47
List the prime factors of 12237.
3, 4079
List the prime factors of 20922.
2, 3, 11, 317
What are the prime factors of 79648?
2, 19, 131
List the prime factors of 3248.
2, 7, 29
List the prime factors of 640.
2, 5
List the prime factors of 163117.
163117
What are the prime factors of 11223?
3, 29, 43
What are the prime factors of 44120?
2, 5, 1103
List the prime factors of 15950.
2, 5, 11, 29
List the prime factors of 2249.
13, 173
What are the prime factors of 72362?
2, 97, 373
What are the prime factors of 34708?
2, 8677
What are the prime factors of 4211?
4211
List the prime factors of 62123.
23, 37, 73
What are the prime factors of 7441?
7, 1063
What are the prime factors of 1005?
3, 5, 67
List the prime factors of 71317.
71317
What are the prime factors of 10184?
2, 19, 67
What are the prime factors of 3875?
5, 31
List the prime factors of 6061.
11, 19, 29
What are the prime factors of 3922?
2, 37, 53
What are the prime factors of 608?
2, 19
What are the prime factors of 6002?
2, 3001
What are the prime factors of 3122?
2, 7, 223
What are the prime factors of 130804?
2, 53, 617
What are the prime factors of 439?
439
List the prime factors of 22882.
2, 17, 673
List the prime factors of 15544.
2, 29, 67
What are the prime factors of 20839?
7, 13, 229
List the prime factors of 11749.
31, 379
What are the prime factors of 15646?
2, 7823
List the prime factors of 4037.
11, 367
List the prime factors of 23896.
2, 29, 103
What are the prime factors of 5041?
71
What are the prime factors of 2208?
2, 3, 23
List the prime factors of 2523.
3, 29
What are the prime factors of 1788?
2, 3, 149
What are the prime factors of 843?
3, 281
List the prime factors of 118045.
5, 23609
What are the prime factors of 757?
757
List the prime factors of 9760.
2, 5, 61
What are the prime factors of 1237?
1237
List the prime factors of 2368.
2, 37
List the prime factors of 5000.
2, 5
What are the prime factors of 1276?
2, 11, 29
List the prime factors of 56365.
5, 11273
What are the prime factors of 80581?
61, 1321
List the prime factors of 3036.
2, 3, 11, 23
What are the prime factors of 4090?
2, 5, 409
What are the prime factors of 1657?
1657
What are the prime factors of 736?
2, 23
List the prime factors of 31851.
3, 3539
What are the prime factors of 36458?
2, 18229
What are the prime factors of 9412?
2, 13, 181
List the prime factors of 4824.
2, 3, 67
List the prime factors of 4962.
2, 3, 827
List the prime factors of 52917.
3, 31, 569
What are the prime factors of 1118?
2, 13, 43
List the prime factors of 11271.
3, 13, 17
List the prime factors of 6476.
2, 1619
List the prime factors of 612.
2, 3, 17
What are the prime factors of 61693?
17, 19, 191
What are the prime factors of 142914?
2, 3, 23819
List the prime factors of 8205.
3, 5, 547
What are the prime factors of 5394?
2, 3, 29, 31
What are the prime factors of 14663?
11, 31, 43
What are the prime factors of 18?
2, 3
What are the prime factors of 24056?
2, 31, 97
List the prime factors of 6812.
2, 13, 131
What are the prime factors of 383?
383
List the prime factors of 6733.
6733
What are the prime factors of 17148?
2, 3, 1429
List the prime factors of 82030.
2, 5, 13, 631
What are the prime factors of 72037?
7, 41, 251
List the prime factors of 4757.
67, 71
List the prime factors of 841.
29
List the prime factors of 495.
3, 5, 11
List the prime factors of 6052.
2, 17, 89
List the prime factors of 98.
2, 7
What are the prime factors of 1884?
2, 3, 157
What are the prime factors of 1081?
23, 47
What are the prime factors of 30022?
2, 17, 883
List the prime factors of 10390.
2, 5, 1039
List the prime factors of 19342.
2, 19, 509
What are the prime factors of 17695?
5, 3539
List the prime factors of 6755.
5, 7, 193
List the prime factors of 152764.
2, 181, 211
List the prime factors of 1166.
2, 11, 53
What are the prime factors of 42858?
2, 3, 2381
What are the prime factors of 205?
5, 41
What are the prime factors of 19342?
2, 19, 509
List the prime factors of 8601.
3, 47, 61
List the prime factors of 1354.
2, 677
What are the prime factors of 132?
2, 3, 11
List the prime factors of 1693.
1693
What are the prime factors of 835?
5, 167
What are the prime factors of 911?
911
What are the prime factors of 3199?
7, 457
List the prime factors of 715.
5, 11, 13
What are the prime factors of 1897?
7, 271
List the prime factors of 14313.
3, 13, 367
List the prime factors of 236.
2, 59
What are the prime factors of 478?
2, 239
What are the prime factors of 66514?
2, 7, 4751
What are the prime factors of 46622?
2, 23311
What are the prime factors of 83?
83
What are the prime factors of 1691?
19, 89
What are the prime factors of 2845?
5, 569
What are the prime factors of 57?
3, 19
List the prime factors of 8753.
8753
What are the prime factors of 3644?
2, 911
List the prime factors of 3800.
2, 5, 19
List the prime factors of 91033.
91033
List the prime factors of 395.
5, 79
What are the prime factors of 124?
2, 31
List the prime factors of 19264.
2, 7, 43
What are the prime factors of 18510?
2, 3, 5, 617
List the prime factors of 60260.
2, 5, 23, 131
List the prime factors of 1930.
2, 5, 193
What are the prime factors of 347?
347
What are the prime factors of 3328?
2, 13
What are the prime factors of 810?
2, 3, 5
What are the prime factors of 684?
2, 3, 19
List the prime factors of 48842.
2, 24421
What are the prime factors of 12468?
2, 3, 1039
List the prime factors of 7082.
2, 3541
What are the prime factors of 75926?
2, 37963
List the prime factors of 32775.
3, 5, 19, 23
What are the prime factors of 49629?
3, 71, 233
List the prime factors of 4936.
2, 617
What are the prime factors of 36?
2, 3
List the prime factors of 1038.
2, 3, 173
What are the prime factors of 109?
109
What are the prime factors of 12650?
2, 5, 11, 23
What are the prime factors of 33933?
3, 11311
List the prime factors of 2252